) be the third derivative of 29*l**5/12 - l**4/4 - 23*l**3/6 + 2*l**2 + 12*l. Is z(-4) a prime number?
False
Suppose 87*m - 2403940 - 10397239 = 3385954. Is m a prime number?
False
Suppose -2*w = 5*y - 450, 274 = w - y + 63. Suppose s + 3*i = w, 0 = -i - 5 + 7. Is s composite?
True
Let c(b) = 235*b**2 - 16*b - 31. Let t be c(-6). Let l = t - 5302. Is l prime?
False
Let i(s) = -2*s**3 + s + 5. Let p be i(0). Let m(b) = -b**3 - 9*b**2 + 11*b + 12. Let k be m(-10). Suppose p*w = -k*w + 5887. Is w prime?
False
Suppose 0*l - 47388 = -5*l - 12043. Is l a composite number?
False
Suppose -68*a + 193112 = -1989329 + 108645. Is a a prime number?
True
Suppose 9*p - 13*p + 3*b = -35368, 4*p = -b + 35368. Suppose 0 = -3*y - 0*j - j + p, 0 = -y - 5*j + 2924. Is y a prime number?
False
Let j(f) = f**3 + 3*f**2 - 10*f + 12. Let n be j(-5). Let c(v) = -v**3 + 12*v**2 + v - 16. Let z be c(n). Is (2/z)/(3/(-1758)) composite?
False
Let k be 0 + 2/(-6) - (-475)/57. Suppose 0 = -9*p + k*p + 3. Suppose -447 = -6*t + p*t + y, 5*y - 298 = -2*t. Is t composite?
False
Let v(p) = 22*p**2 - 25*p - 11. Let f(a) = -44*a**2 + 49*a + 22. Let n(x) = -4*f(x) - 7*v(x). Let r(w) = 22*w - 204. Let q be r(9). Is n(q) a prime number?
True
Let b = -70556 - -318385. Is b composite?
False
Let b(h) = -5825*h**3 + 10*h**2 - 7*h + 5. Is b(-3) composite?
True
Suppose -3*d + 2*x = -193, 17*d - 5*x + 221 = 20*d. Suppose -29*m - 369436 = -d*m. Is m composite?
True
Let w(x) = -x**3 + 3*x**2 + 2*x - 10. Let s be w(3). Let r be -6*(-16)/12 + s. Suppose -y + 85 = r*v, y + 116 = 5*v - y. Is v a composite number?
True
Suppose -2*v + 34 = -0*v + 4*b, 2*b = -4*v + 50. Suppose -15*s + v*s + 9312 = 0. Is (s/30)/(2/5) prime?
False
Suppose 103*a = -u + 98*a + 1300714, -3*u - a = -3902128. Is u prime?
True
Suppose -y + 17549 = -9*x + 6*x, -4*x = -4*y + 70180. Is y a prime number?
False
Let b = 554 + -670. Let j = 1257 - b. Is j composite?
False
Let s(x) = 78*x**2 + 18. Let c be s(-4). Suppose 8*h = -106 + c. Is h a composite number?
True
Let z = -57 - -54. Is z/(-2)*918940/165 composite?
True
Let j = -9600 + 317315. Is j prime?
False
Suppose 8*s + 130874 - 1056546 = 0. Suppose 20*w - s = 9*w. Is w a composite number?
True
Suppose -54790 = 5*w + 3*a - 8384, 0 = 5*w + 2*a + 46404. Let d = -6381 - w. Is d a composite number?
True
Let o(p) = 26*p**3 - 196*p**2 - 52*p + 241. Is o(36) prime?
True
Let b = 28618 - -793. Is b prime?
True
Let b = 1515 - 1011. Suppose 4*s - 1740 + b = 0. Suppose 2*r - s - 773 = 0. Is r a composite number?
False
Let h(u) = 8*u**3 + 28*u**2 - 148*u + 65. Is h(14) a composite number?
True
Let f = 8 - 30. Let l = 26 + f. Suppose -l*y + 25 + 148 = 3*r, r = -5*y + 76. Is r prime?
False
Let i be 36/(-3 - 6)*41591. Is 1/(124729/i - (-9)/12) a prime number?
False
Let k = -62 + 108. Let n(s) = 6*s**3 - 2*s**2 + 1. Let q be n(3). Let j = q + k. Is j a composite number?
False
Let u be 42/(-3 + (-4)/(16/(-18))). Suppose -2*f = -4*i - 5*f + u, 5*i - 2*f - 12 = 0. Suppose 1814 + 5910 = i*o. Is o a prime number?
True
Let s(r) = r**3 - 2*r**2 + 6*r - 27. Let p be s(4). Let h(x) = 442*x + 183. Is h(p) a composite number?
False
Let z(u) be the first derivative of 31*u**3/3 - 6*u**2 + 7*u - 37. Is z(12) composite?
False
Suppose -66*d = -1288135 - 3646883. Is d prime?
False
Let n = -3705 + 749. Let h be (10 + -6 + n)*4/(-2). Suppose 0 = -3*o - 3*d + h, -5*o - 3*d + 0*d = -9850. Is o composite?
False
Let u(r) = 732*r**2 - 6*r + 11. Suppose 38*d - 121 - 31 = 0. Is u(d) prime?
True
Suppose 2*i + 53*i = 1560295. Is i composite?
True
Let m be 37/(-4) - (-2 + 6)/(-16). Let q be (m/(126/49))/((-1)/2). Is (-2)/7 - (-2053)/q prime?
True
Suppose 0 = f + 16. Let o(p) = -30*p - 17. Let h(q) = 60*q + 36. Let s(u) = -3*h(u) - 5*o(u). Is s(f) composite?
False
Suppose 30*o - 22*o = -3976. Let m = o + 1978. Is m a composite number?
False
Suppose -4*z = i + 1 + 4, -3*i - 5*z - 1 = 0. Suppose i*s = 2*s + 38031. Is s/5 + (95/25 - 3) composite?
False
Let z = -227098 + 329467. Is z composite?
True
Let y = -149909 + 251652. Is y a prime number?
False
Let k(w) = 2192*w - 1977. Is k(23) composite?
True
Suppose 9*p - 11*p = -6. Let f(b) = 6*b**2 + 10*b + p*b + b**2 - b**3 - 2*b + 17. Is f(-8) prime?
False
Let v = -39948 - -266511. Is v prime?
False
Let t be (-3)/4*952/(-102). Let h(l) = 15*l**2 - 11*l + 1. Is h(t) a prime number?
True
Let k be (-1)/(-2) - (-2638)/4. Suppose -8*t + 15484 = 6*t. Let y = t - k. Is y composite?
True
Let j be (-29)/(-58) + (-71)/(-2). Suppose j*b = 86968 - 25660. Is b prime?
False
Suppose -16*a + 7*a = -60876. Let t = a + -577. Is t composite?
True
Let p be ((-18)/3 + 7)*(-3 + 3). Is (6461 - 52) + p + 6 prime?
False
Let m = 93 - 23. Suppose -19*t + 210 = -w - 24*t, 5*w + 5*t = -1150. Let k = m - w. Is k a prime number?
False
Suppose 0 = 6*o - 37844 - 518164. Is (-2 + o/16)/((-2)/(-8)) composite?
False
Suppose 53*m + 63397 = 54*m. Is m a prime number?
True
Let f = 141480 + 204053. Is f prime?
True
Let o be (0 + -80)*38/95. Let u(s) = -3*s**3 - 52*s**2 - 41*s - 41. Is u(o) composite?
False
Let s(o) be the second derivative of -241*o**3/3 - 97*o**2/2 - 92*o. Is s(-34) prime?
False
Let h = -21 + 21. Suppose h*y - 5*y - 2935 = 0. Let j = y + 906. Is j prime?
False
Let w(r) = -680*r**3 - 26*r**2 - 30*r - 131. Is w(-6) a composite number?
True
Is ((-4 + 1)*(-10)/3)/((-486)/(-4055913)) composite?
True
Let p(c) = c**3 - 12*c**2 - 11*c + 25. Let u be p(15). Let v = u + -482. Is v prime?
True
Let a be 11/(55/(-30750)) - -4. Let y = -3409 - a. Suppose -y = s - 8*s. Is s prime?
False
Let y = -34 - -20. Let n = 47 - -5. Let q = n + y. Is q a composite number?
True
Suppose -3*m + 2*w + 45301 + 10893 = 0, -m - 4*w = -18750. Suppose 5*t - 31216 = s, -4*t = -7*t + 5*s + m. Is t a prime number?
False
Let a = -65382 - -155881. Is a a prime number?
True
Let k(g) = -23*g + 10. Let u be k(-8). Let z = u - -628. Suppose -5*h + 2*i = -1554 - 519, -2*h + z = i. Is h a prime number?
False
Suppose -25650 = -5*m - 5*p, -19*m + 2*p + 25601 = -14*m. Is m a prime number?
False
Suppose -103*t + 19528152 = 65*t. Is t prime?
True
Suppose 271778 = -29*x + 55*x. Is x composite?
False
Let f = -11 - 2. Let l = f - -18. Suppose a + 3*r - r = 2099, -l*a - 2*r + 10503 = 0. Is a a composite number?
True
Let r(p) = -1623*p**3 - 58*p**2 - 201*p + 21. Is r(-4) a composite number?
False
Suppose -5*k = -u - 2, 0*u = 5*u + 2*k - 98. Let i be (u/14 + 4/(-14))*2. Suppose 6 = i*w + w. Is w composite?
False
Let j = -104916 + 146977. Is j prime?
True
Let i = 42001 - 10890. Is i prime?
False
Is (-337618)/(-18) + (-160)/(-360) prime?
True
Let b be -5 + (5519 - (-10 - -6)). Suppose 5*q = 2*t + 13795, -3*t - b = -9*q + 7*q. Is q a composite number?
True
Suppose -42*x + 137 = -37*x - 2*s, -2*s - 83 = -3*x. Suppose -x*l + 40*l = 106951. Is l a prime number?
False
Let g(h) = 6*h**2 - 3*h - 26. Suppose 5*q + 5*u + 20 = 0, q + 2*u = -0 + 1. Is g(q) composite?
False
Let z = 391 - 389. Suppose z*r - 22676 - 6362 = -4*o, -3*r = -o - 43536. Is r prime?
False
Let i(p) = 13 + 0*p - 9 + 12*p**2 + 13*p - p**3 - 5. Let l be i(8). Suppose 2*n - 3*r = l, -3*n - n = r - 753. Is n composite?
True
Let x be ((-1)/(-2))/((15/10)/(-3)). Let s be (x*157)/((-1 - 1)/(-102)). Is (-4)/14 + -2 + s/(-21) a prime number?
True
Let r(m) be the first derivative of -1/3*m**3 - 19/4*m**4 - 8*m - 18 - 7/2*m**2. Is r(-3) a composite number?
True
Let c(y) be the third derivative of -y**6/15 - y**5/12 + y**4/3 - y**3/2 - 4*y**2. Let i(j) = j**3 - j - 1. Let l(m) = c(m) + 3*i(m). Is l(-5) a prime number?
False
Let h(u) = 5*u**2 - 106*u + 1628. Is h(75) composite?
False
Suppose 2*w + 10351 + 29187 = 0. Is w/(-5) - 28/35 prime?
False
Let i = 86297 - -109312. Is i composite?
True
Let y(i) = i**3 + 14*i**2 - 19*i + 11. Suppose 0 = -15*k - 160 - 5. Is y(k) prime?
False
Let o(h) = 215*h**2 + 32*h + 152. Is o(-21) composite?
True
Suppose -9*d = -6*d - 27. Suppose 0 = -2*h + 5 + 1. Is 3/((d/2853)/(1/h)) a prime number?
True
Let h = -39207 - -56150. Is h prime?
True
Suppose 3*v + v + 357420 - 1337312 = 0. Is v prime?
False
Suppose 3*p + 3*v = 5*p + 75, -p - 2*v - 20 = 0. Let x = p + 35. Suppose -x*w + 10072 = 3*w. Is w a composite number?
False
Is -3 + -4 + (-5752596)/(-8) + 9/(-18) a prime number?
F